
Calculate the remainder when 34 is divided by 27.
7
Calculate the remainder when 66 is divided by 43.
23
Calculate the remainder when 1285 is divided by 46.
43
What is the remainder when 416 is divided by 59?
3
Calculate the remainder when 7233 is divided by 9.
6
Calculate the remainder when 335 is divided by 45.
20
What is the remainder when 208 is divided by 5?
3
Calculate the remainder when 16 is divided by 11.
5
Calculate the remainder when 2281 is divided by 1137.
7
Calculate the remainder when 5222 is divided by 95.
92
Calculate the remainder when 3217 is divided by 29.
27
What is the remainder when 1268 is divided by 51?
44
Calculate the remainder when 259 is divided by 84.
7
What is the remainder when 188 is divided by 86?
16
Calculate the remainder when 1687 is divided by 9.
4
Calculate the remainder when 15931 is divided by 4.
3
What is the remainder when 2387 is divided by 104?
99
Calculate the remainder when 1384 is divided by 1383.
1
Calculate the remainder when 3335 is divided by 92.
23
What is the remainder when 3226 is divided by 10?
6
Calculate the remainder when 498 is divided by 81.
12
Calculate the remainder when 117 is divided by 64.
53
What is the remainder when 80 is divided by 41?
39
What is the remainder when 614 is divided by 195?
29
What is the remainder when 2738 is divided by 11?
10
What is the remainder when 96407 is divided by 24?
23
Calculate the remainder when 689 is divided by 46.
45
What is the remainder when 2087 is divided by 518?
15
What is the remainder when 481 is divided by 134?
79
Calculate the remainder when 717 is divided by 225.
42
Calculate the remainder when 4957 is divided by 40.
37
Calculate the remainder when 221 is divided by 67.
20
What is the remainder when 1229 is divided by 22?
19
Calculate the remainder when 330 is divided by 111.
108
What is the remainder when 457 is divided by 9?
7
What is the remainder when 721 is divided by 235?
16
Calculate the remainder when 47 is divided by 17.
13
Calculate the remainder when 7797 is divided by 38.
7
What is the remainder when 8917 is divided by 19?
6
Calculate the remainder when 398 is divided by 8.
6
Calculate the remainder when 191 is divided by 51.
38
What is the remainder when 177 is divided by 51?
24
Calculate the remainder when 230 is divided by 13.
9
What is the remainder when 731 is divided by 244?
243
Calculate the remainder when 23159 is divided by 21.
17
What is the remainder when 424 is divided by 33?
28
Calculate the remainder when 413 is divided by 28.
21
Calculate the remainder when 4336 is divided by 241.
239
Calculate the remainder when 525 is divided by 16.
13
Calculate the remainder when 139 is divided by 9.
4
What is the remainder when 219 is divided by 44?
43
Calculate the remainder when 2748 is divided by 43.
39
Calculate the remainder when 73 is divided by 8.
1
What is the remainder when 785 is divided by 86?
11
Calculate the remainder when 776 is divided by 13.
9
What is the remainder when 1083 is divided by 186?
153
What is the remainder when 580 is divided by 100?
80
Calculate the remainder when 28 is divided by 14.
0
What is the remainder when 44 is divided by 6?
2
What is the remainder when 641 is divided by 199?
44
What is the remainder when 86 is divided by 12?
2
Calculate the remainder when 1230 is divided by 150.
30
What is the remainder when 253 is divided by 51?
49
What is the remainder when 239 is divided by 30?
29
What is the remainder when 32 is divided by 15?
2
What is the remainder when 378 is divided by 43?
34
Calculate the remainder when 634 is divided by 106.
104
Calculate the remainder when 65 is divided by 63.
2
What is the remainder when 13596 is divided by 20?
16
Calculate the remainder when 515 is divided by 59.
43
Calculate the remainder when 103 is divided by 59.
44
Calculate the remainder when 731 is divided by 20.
11
What is the remainder when 1610 is divided by 62?
60
What is the remainder when 2041 is divided by 5?
1
Calculate the remainder when 81 is divided by 26.
3
Calculate the remainder when 694 is divided by 30.
4
Calculate the remainder when 206 is divided by 104.
102
What is the remainder when 138 is divided by 72?
66
Calculate the remainder when 622 is divided by 208.
206
Calculate the remainder when 29319 is divided by 20.
19
Calculate the remainder when 32 is divided by 24.
8
What is the remainder when 262 is divided by 123?
16
Calculate the remainder when 128 is divided by 20.
8
What is the remainder when 1364 is divided by 91?
90
Calculate the remainder when 103 is divided by 14.
5
What is the remainder when 3689 is divided by 45?
44
Calculate the remainder when 4940 is divided by 27.
26
Calculate the remainder when 1624 is divided by 44.
40
What is the remainder when 105 is divided by 32?
9
What is the remainder when 8237 is divided by 2057?
9
What is the remainder when 879 is divided by 80?
79
What is the remainder when 195 is divided by 9?
6
What is the remainder when 4745 is divided by 101?
99
Calculate the remainder when 374 is divided by 18.
14
What is the remainder when 862 is divided by 16?
14
What is the remainder when 1537 is divided by 382?
9
What is the remainder when 702 is divided by 41?
5
Calculate the remainder when 1097 is divided by 50.
47
What is the remainder when 77 is divided by 9?
5
Calculate the remainder when 642 is divided by 2.
0
What is the remainder when 1067 is divided by 243?
95
Calculate the remainder when 158 is divided by 153.
5
What is the remainder when 562 is divided by 115?
102
Calculate the remainder when 152 is divided by 33.
20
What is the remainder when 2442 is divided by 137?
113
Calculate the remainder when 16 is divided by 10.
6
Calculate the remainder when 816 is divided by 44.
24
Calculate the remainder when 1663 is divided by 34.
31
Calculate the remainder when 1755 is divided by 574.
33
Calculate the remainder when 236 is divided by 219.
17
Calculate the remainder when 1438 is divided by 36.
34
Calculate the remainder when 177 is divided by 13.
8
Calculate the remainder when 555 is divided by 93.
90
What is the remainder when 623 is divided by 39?
38
What is the remainder when 249 is divided by 16?
9
What is the remainder when 1375 is divided by 43?
42
What is the remainder when 178 is divided by 109?
69
What is the remainder when 344 is divided by 87?
83
Calculate the remainder when 30423 is divided by 5.
3
Calculate the remainder when 291 is divided by 13.
5
Calculate the remainder when 262 is divided by 133.
129
Calculate the remainder when 382 is divided by 97.
91
Calculate the remainder when 184 is divided by 17.
14
Calculate the remainder when 29 is divided by 29.
0
Calculate the remainder when 43223 is divided by 175.
173
Calculate the remainder when 1003 is divided by 101.
94
What is the remainder when 179 is divided by 173?
6
Calculate the remainder when 444 is divided by 86.
14
Calculate the remainder when 1089 is divided by 42.
39
Calculate the remainder when 71 is divided by 8.
7
Calculate the remainder when 1096 is divided by 61.
59
What is the remainder when 448 is divided by 9?
7
What is the remainder when 1381 is divided by 155?
141
Calculate the remainder when 1624 is divided by 405.
4
Calculate the remainder when 3812 is divided by 9.
5
Calculate the remainder when 310 is divided by 13.
11
Calculate the remainder when 399 is divided by 26.
9
What is the remainder when 8119 is divided by 40?
39
Calculate the remainder when 4088 is divided by 15.
8
Calculate the remainder when 1499 is divided by 120.
59
What is the remainder when 85 is divided by 18?
13
Calculate the remainder when 80 is divided by 43.
37
Calculate the remainder when 988 is divided by 146.
112
What is the remainder when 1512 is divided by 80?
72
Calculate the remainder when 567 is divided by 72.
63
What is the remainder when 391 is divided by 98?
97
Calculate the remainder when 1887 is divided by 27.
24
Calculate the remainder when 3826 is divided by 87.
85
Calculate the remainder when 291 is divided by 14.
11
What is the remainder when 306 is divided by 47?
24
Calculate the remainder when 275 is divided by 31.
27
What is the remainder when 58 is divided by 13?
6
What is the remainder when 217 is divided by 75?
67
What is the remainder when 170 i